alse
Is 280754401 prime?
False
Is 1599564511 prime?
True
Is 2478715441 a prime number?
True
Is 9452950177 prime?
False
Is 16818348533 a composite number?
True
Is 2769169681 composite?
False
Is 7766525623 prime?
True
Is 153841111 prime?
True
Is 11932587377 composite?
False
Is 5210086619 composite?
False
Is 15455925847 a composite number?
False
Is 9590174443 prime?
True
Is 3566148343 prime?
True
Is 4833836459 composite?
False
Is 399469579 a prime number?
True
Is 98563339301 a prime number?
False
Is 104724715607 a prime number?
False
Is 4852397351 a prime number?
False
Is 19531167133 a composite number?
False
Is 9887529161 composite?
False
Is 36734351509 a prime number?
False
Is 233396687 prime?
False
Is 88909063 a composite number?
True
Is 2152012763 prime?
True
Is 4245726289 a composite number?
True
Is 80202035393 a prime number?
True
Is 88138627 a prime number?
False
Is 19990303378 a composite number?
True
Is 1508029277 a prime number?
False
Is 784474759 a prime number?
False
Is 17288897 a prime number?
True
Is 3220569647 composite?
False
Is 16192678841 a prime number?
False
Is 41745947 prime?
True
Is 4046343841 a composite number?
True
Is 728493221 a prime number?
False
Is 15122125573 a composite number?
True
Is 10094202161 composite?
False
Is 21596577167 prime?
False
Is 1663582003 composite?
True
Is 3752563777 composite?
True
Is 5293050013 a prime number?
True
Is 84561325889 composite?
False
Is 5658815291 a composite number?
True
Is 24930671 prime?
True
Is 8131945505 prime?
False
Is 72069150833 a prime number?
True
Is 157115719 a composite number?
True
Is 1092329239 composite?
False
Is 45736750121 prime?
False
Is 2868522563 composite?
False
Is 370376198 a composite number?
True
Is 4266422387 a composite number?
False
Is 18924292371 a composite number?
True
Is 441829559 composite?
False
Is 13667051957 composite?
True
Is 66267790562 a composite number?
True
Is 14280505429 composite?
False
Is 125895688307 a composite number?
False
Is 1310069107 a prime number?
True
Is 2294786297 composite?
True
Is 363586459 a prime number?
True
Is 55733968837 a composite number?
True
Is 787964339 a prime number?
True
Is 611369943 composite?
True
Is 172741 a prime number?
True
Is 17715178379 prime?
False
Is 1328210383 a composite number?
False
Is 55255343233 a prime number?
False
Is 611033713 composite?
False
Is 890525677 composite?
False
Is 6013405483 composite?
False
Is 55771739 a prime number?
True
Is 61142070589 a composite number?
False
Is 31718232061 prime?
False
Is 5070494243 composite?
False
Is 38260310027 a composite number?
False
Is 356067571 a composite number?
True
Is 2598276263 composite?
True
Is 27137932819 a composite number?
True
Is 253841347 a prime number?
False
Is 1252125262 composite?
True
Is 34137738961 a prime number?
True
Is 2639719405 a composite number?
True
Is 1006341467 a prime number?
True
Is 28661095949 a composite number?
False
Is 26218125671 prime?
False
Is 426285133 a composite number?
False
Is 20932579 a composite number?
True
Is 53011571609 prime?
True
Is 2646081181 a prime number?
True
Is 4165062871 prime?
True
Is 107955931 composite?
False
Is 8280293773 prime?
False
Is 21220502 prime?
False
Is 961179941 prime?
False
Is 1073936281 prime?
False
Is 605149537 a prime number?
False
Is 4848822718 a prime number?
False
Is 28978975297 a composite number?
False
Is 1861147487 a composite number?
False
Is 320494323 prime?
False
Is 119082157 a composite number?
True
Is 773452957 prime?
False
Is 18324605219 a composite number?
False
Is 201478751 composite?
True
Is 250261631 composite?
False
Is 12445444591 a composite number?
False
Is 7687156331 a composite number?
False
Is 5081459347 a prime number?
True
Is 2328543659 a composite number?
True
Is 2232938317 prime?
False
Is 364208653 a composite number?
False
Is 1679606563 composite?
True
Is 509876071 a prime number?
True
Is 35411591 composite?
True
Is 2427188273 composite?
False
Is 2638977797 composite?
False
Is 206369063 a composite number?
False
Is 313136317 prime?
False
Is 2126450351 composite?
True
Is 15449190943 prime?
False
Is 9788435911 a prime number?
True
Is 20122936507 prime?
False
Is 539361442901 a composite number?
False
Is 750560627 a prime number?
False
Is 172579213 composite?
True
Is 859551907 a prime number?
True
Is 881805791 composite?
False
Is 126167833949 a prime number?
False
Is 139593203 a composite number?
True
Is 2022541039 composite?
True
Is 1199627923 a composite number?
True
Is 19253606809 prime?
False
Is 72743782847 prime?
True
Is 9543973679 a prime number?
True
Is 18622058699 a composite number?
True
Is 3678817751 composite?
True
Is 564049847 a prime number?
False
Is 276665819 a composite number?
False
Is 9907261709 composite?
True
Is 5170940571 a prime number?
False
Is 39806390119 prime?
True
Is 5502837611 composite?
False
Is 5828714309 composite?
True
Is 9544002527 prime?
True
Is 14842768351 a composite number?
True
Is 8520311117 a prime number?
False
Is 1534945459 a prime number?
False
Is 2986642511 a composite number?
True
Is 108580253527 a prime number?
False
Is 112774664053 prime?
False
Is 6551078159 prime?
False
Is 34164891869 prime?
True
Is 71017657 a composite number?
True
Is 508645537 a prime number?
True
Is 12891018513 prime?
False
Is 7103237737 a prime number?
True
Is 434676935743 a prime number?
True
Is 1028178257 a composite number?
False
Is 6425995283 a composite number?
True
Is 13831239113 a prime number?
True
Is 696350177 a prime number?
False
Is 24983509207 prime?
True
Is 1151901671 composite?
False
Is 712815923 composite?
False
Is 827775761 composite?
False
Is 22747457981 composite?
False
Is 6344342129 a composite number?
False
Is 10232263409 a prime number?
False
Is 40187200481 a prime number?
False
Is 126315052967 a prime number?
False
Is 25103155907 a prime number?
False
Is 92873620759 a prime number?
False
Is 1004474951 a prime number?
False
Is 1259366 a prime number?
False
Is 75153227477 composite?
True
Is 8379681989 a prime number?
False
Is 1344416243 prime?
True
Is 1675502723 a composite number?
True
Is 134037481 composite?
False
Is 1454375113 composite?
True
Is 3510681361 a prime number?
False
Is 8695256093 composite?
True
Is 74890380977 a composite number?
True
Is 1139898043 prime?
True
Is 12492360113 a prime number?
True
Is 640079651 a prime number?
True
Is 83059360481 a prime number?
True
Is 68314409 a composite number?
True
Is 31532182771 a composite number?
False
Is 349000727 prime?
True
Is 4667831477 composite?
True
Is 8248577903 prime?
True
Is 624183281 a composite number?
False
Is 137313479 a composite number?
False
Is 468247883 a composite number?
True
Is 1434954809 prime?
True
Is 37708981 a composite number?
False
Is 2119909318 a prime number?
False
Is 730932713 composite?
True
Is 4732627057 prime?
True
Is 21298676947 prime?
True
Is 335227999 prime?
True
Is 356428429733 prime?
True
Is 129544620529 a composite number?
True
Is 1232924969 a prime number?
True
Is 3337648411 a prime number?
True
Is 18973446983 composite?
True
Is 1118625649 a composite number?
False
Is 513561463 a composite number?
False
Is 1267527133 a composite number?
False
Is 111447839 prime?
True
Is 18326343493 a composite number?
True
Is 131456657 a composite number?
False
Is 62335421 a composite number?
False
Is 8174325857 prime?
True
Is 27402078253 a prime number?
False
Is 5389485635 prime?
False
Is 140095883 a composite number?
True
Is 14043254311 a composite number?
True
Is 51661777489 prime?
False
Is 712661983 a composite number?
True
Is 46194527927 prime?
True
Is 31812029 prime?
False
Is 24805932799 prime?
False
Is 3443367077 a composite number?
True
Is 2978532467 composite?
False
Is 845538193 a prime number?
True
Is 1471084474 a prime number?
False
Is 140481443 a prime number?
True
Is 3798022681 a prime number?
False
Is 1617496171 a prime number?
False
Is 5053438361 prime?
False
Is 3012419419 a composite number?
True
Is 321994097 composite?
False
Is 8135178031 prime?
True
Is 1250204479 prime?
True
Is 7070866729 a composite number?
True
Is 286821241 composite?
True
Is 1447409413 a composite number?
False
Is 3513839146 composite?
True
Is 807367793 composite?
False
Is 4166126141 a prime number?
True
Is 36056750713 a prime number?
False
Is 3218838097 c